lculate (-6 - -7) + -3 + -1.
-3
What is the value of 6 + -1 + -8 + 7?
4
What is the value of -3 - (-13 - -3 - -2)?
5
What is the value of 2 + (11 - 2) + -4 - 5?
2
Evaluate (-10 - -1) + (-47 - -52).
-4
What is (-62 - -67) + (-1 + 0 - 0)?
4
What is the value of (-7 - -2) + -2 + 2?
-5
Evaluate -2 + (5 - (3 - 0)) - -3.
3
What is the value of -4 + 4 + -6 - -4?
-2
What is the value of -7 + 4 + (-2 - -1)?
-4
What is the value of -2 - (-5 - -8) - (-1 - 0)?
-4
-6 + 0 + (0 - -3) + 4
1
Evaluate 3 - (4 - 7 - -4).
2
Evaluate (0 - 8 - -1) + -130 + 135.
-2
What is the value of (-5 - -3) + 1 - -1?
0
What is -2 + 1 + 11 - (-33 - -37)?
6
What is the value of 0 + 5 - (-8 - (5 - 14))?
4
Evaluate 4 + -8 + 0 - -3 - 0.
-1
Evaluate -4 + 0 + 5 - 2.
-1
Evaluate 3 - (14 - 13 - (-4 + 0)).
-2
What is (-3 - (1 + -1)) + (4 - -1)?
2
Calculate 2 + -6 + 9 - -3.
8
Evaluate (-1 + 1 - 0) + 2 + 2.
4
Calculate (-6 + 3 - -1) + 1 + -1.
-2
0 + -9 - ((-8 - -3) + 2)
-6
What is 0 + -1 + -3 + (5 - 1)?
0
(13 - (-6 + 21)) + 12
10
What is the value of 1 - ((3 - 3 - -1) + 4)?
-4
What is the value of 0 + -5 + 1 + (-1 - -2)?
-3
Calculate 3 + 0 + 1 + -4 + 2.
2
What is the value of 13 - (2 + -1) - (102 + -99)?
9
Calculate (0 - (1 - 2)) + 36 + -40.
-3
What is the value of (3 - -2 - 4) + -4?
-3
Calculate 14 + (1 + 0 - 5 - 2).
8
Evaluate -3 - -1 - (-11 - -5).
4
-13 - (-5 + -3 + 0)
-5
-3 + 6 + -5 - (2 - -1)
-5
What is 15 + -2 + (-3 - (-4 - -8))?
6
What is the value of (1 - 6) + 0 + 2?
-3
Calculate (-4 + 9 - 6) + -1.
-2
What is the value of (-1 - 1) + (0 - (1 - 0))?
-3
What is -7 + 4 + -3 + 1?
-5
Calculate 1 + 4 + -2 + -7 + 3.
-1
What is (-5 - -3) + 1 + (-2 - 2)?
-5
What is -2 + (-8 - (-6 - 10))?
6
What is 41 + -29 + 3 + -10?
5
What is the value of -9 + (21 - 15) - 2?
-5
What is the value of 2 + 0 + (-14 - 8 - -11)?
-9
6 + -9 + 4 + 5 + -11
-5
Evaluate 5 - (20 - 25 - (-1 + -9)).
0
Evaluate (12 - 3) + (-1 - 4 - -1).
5
What is the value of (-11 - 3 - -4) + 5 + -2?
-7
What is -5 + (4 - 9 - -9) - 5?
-6
What is -8 + 14 + -2 - 11?
-7
Calculate (1 - 1) + (10 - (14 - 8)).
4
What is 5 - (2 + -1) - -1?
5
Calculate 0 - (0 - 0) - (-4 + 5).
-1
What is the value of 4 + (-3 - (-4 + (4 - 1)))?
2
(23 - (26 + -13)) + -8 + 1
3
What is -7 - -1 - (-2 + -1)?
-3
Calculate -2 - -1 - ((-9 - -4) + 3).
1
What is (6 - 4) + -6 - (-4 - 0)?
0
Evaluate -10 + 10 + 3 + -7 + -2.
-6
Evaluate -5 + (-3 + 1 - -3).
-4
What is 0 + 2 + 2 + 3 + -2?
5
What is the value of (-6 - (11 - 14)) + 0?
-3
What is 4 + -1 - (31 - 23)?
-5
What is 4 + -2 - ((-2 - -1) + 6)?
-3
(20 - (11 + -2)) + -2 + -2
7
Evaluate 10 + 5 - (8 + 1).
6
-10 - -9 - (-4 + 0)
3
What is -2 - (-10 + 8) - -3?
3
What is -1 + 7 - ((-4 - 6) + 10)?
6
What is the value of -1 - (6 + (0 - 1)) - -4?
-2
Evaluate (-11 - (2 - 3)) + (-13 - -21).
-2
8 + (-15 - 3) + 5
-5
2 - -1 - (24 + -19)
-2
Calculate 13 - 15 - (-3 + 9 - 1).
-7
Calculate 3 + (-5 - -1 - -2).
1
What is the value of 0 + -4 - (6 + -2 + -3)?
-5
What is the value of (-2 - (6 + 0 + -3)) + 3?
-2
Evaluate -1 + -4 + 10 - 5 - 3.
-3
Evaluate (-2 - -1) + (0 - -6).
5
(5 - (1 + 2)) + 2
4
Evaluate -11 + 7 - 13 - -9.
-8
Evaluate 1 + 3 + (6 - (-7 + 11)).
6
What is the value of 5 + (-13 - (-8 + -2 - -4))?
-2
What is the value of 6 - (7 + -6 + 9) - -2?
-2
(-1 - (-2 + 6)) + 1 + 8
4
Calculate -6 - (5 + -4 - 3).
-4
What is 6 - (7 + -2 + 0)?
1
What is (-6 - (-7 - -3)) + 2 + -3?
-3
Calculate -5 + 5 - (1 + 2 + 0).
-3
What is 2 + -5 + (5 - (2 - -3))?
-3
What is -12 - -5 - (-3 - 0)?
-4
-15 + (29 - 12) + (-1 - 0)
1
What is 20 + -12 + 1 + -11?
-2
What is -4 + 21 + -13 - (4 - 0)?
0
Evaluate -3 + 8 + (-7 - -4) + 4.
6
Calculate -5 + (0 + (-4 - -3) - -1).
-5
What is 1 + 3 + -3 + -3?
-2
Evaluate (4 - 4) + -2 + (0 - -1).
-1
-10 + (2 - -4) + 4
0
Calculate 16 + (-26 - -14) - (0 + -3).
7
Evaluate (-9 - 1) + (81 - 75).
-4
Evaluate 1 - -4 - (-30 - -30).
5
Calculate -9 + (-6 - (4 + -11)).
-8
What is the value of 1 + -3 + 3 - (4 + -6)?
3
Evaluate -7 + 12 + -2 + 4.
7
Calculate -4 - -2 - 1 - 1 - 0.
-4
What is the value of -3 - (4 + -5 + -4)?
2
What is the value of 3 - (10 - (9 + -6))?
-4
What is 0 + -2 - (6 - -7 - 15)?
0
-8 + (2 + -6 + 13 - 5)
-4
What is (0 - (2 - -3)) + 39 + -33?
1
What is 4 - -1 - (4 + -1)?
2
What is 8 - -1 - (2 - 0)?
7
Calculate -1 + (-9 - -12 - 2).
0
Calculate 2 + 2 + (-1 - (-3 - -1)).
5
What is 4 + (-7 - -10) + -2?
5
What is -13 - -5 - -5 - (0 + 1)?
-4
What is (-13 - -14) + -9 + -2?
-10
Evaluate -6 - (6 - 9 - -1).
-4
What is 2 + (1 - 1) + -1 + 4?
5
What is the value of 0 + -5 - (-10 - 0)?
5
Calculate 3 - ((-4 - 0) + 3 + 7).
-3
Calculate -5 - -1 - (-15 - -8).
3
What is the value of (-16 - -7) + 7 - -7?
5
Calculate (-3 - 3) + 14 + 7 + -13.
2
What is (-27 - -25) + 2 + 0 + -1?
-1
Evaluate 0 - 1 - (-2 - (-1 - 1)).
-1
What is the value of -5 - -1 - (-10 + 8)?
-2
Calculate (-4 + -7 - -7) + 13.
9
Evaluate 4 - ((5 + -7 - -3) + -2).
5
What is the value of (-1 - (2 - -1)) + -1?
-5
What is the value of -1 - (-9 + 8) - 3?
-3
What is -6 - -9 - (4 + 2)?
-3
Calculate -1 + -5 + -5 + 5 + -2.
-8
What is 3 + -8 - ((3 - 5) + 0)?
-3
Calculate (-10 - -2) + 3 - (-1 - 1).
-3
Evaluate -3 + 5 + -10 + 6.
-2
What is -7 + -1 + 20 + -32 + 28?
8
What is 5 + -8 + 1 - -5 - 2?
1
What is -7 + (3 - -12) + -1?
7
Evaluate 7 + 0 - (0 - 2 - -5).
4
What is the value of 7 + -2 + (-7 - -7)?
5
-9 + (-5 - (4 + -11)) - 1
-8
Calculate (6 - (5 + (-3 - -2))) + -1.
1
-1 + (0 - -2) - 1
0
What is the value of 4 + -11 + 7 + 3 + 0?
3
Calculate -4 + (-2 - 3 - -10).
1
Calculate -10 + 2 + -8 + 2 + 4.
-10
Calculate 3 + (-7 - -2) + 2.
0
-1 + 3 - (5 - (-11 - -14))
0
-11 - (2 + -7) - -9
3
-2 + (5 + -1 - (11 - 19))
10
Evaluate 5 - ((3 - 8) + 9).
1
(1 - -11 - 4) + -4 + -4
0
What is -1 - (1 - 11 - (-34 - -32))?
7
(-17 - -14) + (5 - -4)
6
5 - (0 - (-17 + 3 - -4))
-5
Evaluate 0 + 5 - (26 + -22).
1
What is the value of -7 - -3 - (-19 - -14)?
1
What is the value of (-26 - -23) + -1 + 0 + -1?
-5
What is the value of 0 + 2 + 1 - (22 - 25)?
6
2 - (7 + -3) - -4 - 0
2
Calculate (13 - 4) + 1 - 8.
2
Calculate 1 - -3 - ((5 - 11) + 11).
-1
Evaluate 3 - (3 + -1) - 2.
-1
-2 + (-3 - -4) + -4 + 2
-3
-1 - (-1 - -2) - (-12 + 14)
-4
1 - (-2 + -1 + -4 + 3)
5
What is 3 + 0 + 0 + -5 + 7?
5
What is the value of (1 - 0 - 4 - -3) + -6?
-6
What is the value of 0 + (1 - 3) + (3 - 6)?
-5
-1 + 1 - (3 + -5 + 2)
0
What is the value of (0 - 5) + 2 + (11 - 8)?
0
3 - (-3 - -1 - (6 - 12))
-1
Evaluate -1 + (13 - 16) + (3 - 1).
-2
3 + 0 + 0 + -4 - -1
0
What is the value of -2 + -10 + 5 + 5 + 1?
-1
Calculate 7 - ((-2 + -3 - -1) + 7).
4
Calculate (-5 - 1) + (-71 - -72).
-5
What is the value of 17 + -9 + -6 + 1?
3
What is the value of (18 - (13 + -7)) + -16?
-4
Evaluate -3 + 6 - (5 - 5).
3
-3 + 0 + 2 - (32 - 38)
5
What is the value of 7 + (1 - (-3 + (13 - -7)))?
-9
-33 - -21 - (1 + -3)
-10
-2 - (-1 + 2 + 3 + -4)
-2
Evaluate -1 + 1 - (3 - (-6 + 8)).
-1
What is 0 + 0 - ((-5 - 2) + 8)?
-1
Calculate 7 + (-2 - 1) - -1.
5
What is the value of 2 - (2 + (1 - (6 + -2)))?
3
Evaluate 19 + -16 + 1 + 0.
4
What is (-2 - -6) + (5 - 8)?
1
Evaluate -14 + 9 + 5 + -2 + -1.
-3
What is (-2 - (-5 - 1)) + -5 - -2?
1
Evaluate (-1 - 14) + 55 + -44.
-4
Calculate -5 - (-1 - (9 + -6)).
-1
Calculate (0 - 1) + (1 - 4 - 1).
-5
Calculate 5 + 0 + 13 + -14.
4
Calculate -3 + 11 - 0 - 6.
2
What is 10 - (-7 + 15) - -3?
5
Calculate -2 - 1 - (-17 + 9).
5
1 - -3 - (58 + -59)
5
-6 + -1 + 0 + 6
-1
Calculate 1 + -3 + 11 + -15.
-6
What is 4 + -3 + (-5 - 1)?
-5
What is the value of 4 - ((11 - (-11 - -7)) + -4)?
-7
What is the value of -5 + 1 - (1 + 0)?
-5
Calculate 5 + (4 - (-1 - (-15 + 8))).
3
What is the value of (13 - 3) + -5 - (-1 + 2)?
4
13 + -16 - (-1 + -8 + 2)
4
What is the value of -1 + (-1 - -6) + -2?
2
1 + 6 - (-1 - (-2 + -5))
1
6 + (4 - 6 - (-3 + 5))
2
What is the value of -3 + (1 - (-2 - -4)) + 4?
0
What is the value of (2 - (0 + 6)) + 6 + 1?
3
-4 - (3 + -6) - 3
-4
What is -4 + 0 + 1 + -2?
-5
(-1 - 4 - (-9 - -9)) + 5
0
What is the value of 5 - (-7 - -14 - 9)?
7
Calculate 2 + 3 + 55 + -57.
3
Calculate -1 + 1 + 8 + -5 - 5.
-2
Evaluate (-3 - (-4 + (1 - -1))) + 4.
3
Evaluate -10 + 10 + -2 + 6 - 2.
2
9 - 4 - 3 - 1
1
What is the value of (-8 - (0 + -3)) + (-1 - -1)?
-5
Calculate (-12 - (-2 + 0)) + -5 + 9.
-6
Evaluate -8 + (0 - -5) - (0 - 0).
-3
1 + -3 + (4 - 1 - -1)
2
What is the value of 